is the units digit of 5204213?
3
What is the thousands digit of 3040556?
0
What is the ten millions digit of 18817276?
1
What is the units digit of 442122?
2
What is the tens digit of 610657?
5
What is the units digit of 17767294?
4
What is the units digit of 1182?
2
What is the hundreds digit of 394735?
7
What is the units digit of 31217564?
4
What is the units digit of 6733698?
8
What is the ten thousands digit of 630422?
3
What is the hundreds digit of 19810964?
9
What is the millions digit of 1007088?
1
What is the millions digit of 1618050?
1
What is the thousands digit of 1192374?
2
What is the thousands digit of 150977?
0
What is the ten thousands digit of 730407?
3
What is the millions digit of 1801715?
1
What is the units digit of 245078?
8
What is the hundreds digit of 98858?
8
What is the units digit of 1620515?
5
What is the hundreds digit of 15708?
7
What is the hundreds digit of 1785215?
2
What is the hundred thousands digit of 2427935?
4
What is the hundred thousands digit of 367156?
3
What is the ten thousands digit of 226378?
2
What is the ten thousands digit of 9054511?
5
What is the units digit of 66734?
4
What is the units digit of 15685812?
2
What is the ten thousands digit of 178573?
7
What is the ten thousands digit of 140974?
4
What is the units digit of 3030309?
9
What is the millions digit of 15746467?
5
What is the thousands digit of 6549926?
9
What is the hundreds digit of 1435010?
0
What is the tens digit of 669328?
2
What is the units digit of 11350081?
1
What is the units digit of 7209786?
6
What is the hundreds digit of 200647?
6
What is the ten thousands digit of 147077?
4
What is the hundreds digit of 1132244?
2
What is the ten thousands digit of 1013088?
1
What is the units digit of 5396617?
7
What is the ten thousands digit of 2564539?
6
What is the ten thousands digit of 1882831?
8
What is the hundred thousands digit of 1153601?
1
What is the hundreds digit of 9200428?
4
What is the tens digit of 5769969?
6
What is the hundred thousands digit of 158096?
1
What is the hundred thousands digit of 11327829?
3
What is the hundreds digit of 6509394?
3
What is the hundred thousands digit of 274611?
2
What is the millions digit of 5617994?
5
What is the ten thousands digit of 436428?
3
What is the hundred thousands digit of 5358373?
3
What is the ten thousands digit of 12379372?
7
What is the ten millions digit of 18533203?
1
What is the thousands digit of 18932277?
2
What is the hundreds digit of 5492421?
4
What is the hundred thousands digit of 211243?
2
What is the tens digit of 607937?
3
What is the ten thousands digit of 524260?
2
What is the units digit of 7647947?
7
What is the hundreds digit of 335924?
9
What is the ten thousands digit of 1686354?
8
What is the ten thousands digit of 90327?
9
What is the hundreds digit of 199863?
8
What is the ten millions digit of 14738906?
1
What is the millions digit of 5391615?
5
What is the units digit of 996511?
1
What is the thousands digit of 1050985?
0
What is the thousands digit of 741508?
1
What is the hundred thousands digit of 5382692?
3
What is the units digit of 156780?
0
What is the hundreds digit of 143768?
7
What is the thousands digit of 728368?
8
What is the millions digit of 3381044?
3
What is the millions digit of 27508753?
7
What is the units digit of 212111?
1
What is the units digit of 608311?
1
What is the units digit of 560559?
9
What is the tens digit of 117783?
8
What is the hundreds digit of 204694?
6
What is the ten thousands digit of 210427?
1
What is the hundreds digit of 184434?
4
What is the ten thousands digit of 15480212?
8
What is the ten thousands digit of 2892530?
9
What is the tens digit of 4496097?
9
What is the hundreds digit of 7656861?
8
What is the ten thousands digit of 1831782?
3
What is the hundred thousands digit of 835720?
8
What is the tens digit of 4500946?
4
What is the hundred thousands digit of 1226605?
2
What is the millions digit of 3651758?
3
What is the hundred thousands digit of 3854027?
8
What is the ten thousands digit of 18838080?
3
What is the units digit of 311058?
8
What is the thousands digit of 3625242?
5
What is the thousands digit of 1085657?
5
What is the tens digit of 10343401?
0
What is the hundreds digit of 162350?
3
What is the thousands digit of 426244?
6
What is the hundreds digit of 581174?
1
What is the ten thousands digit of 820878?
2
What is the thousands digit of 93445?
3
What is the hundreds digit of 300319?
3
What is the ten thousands digit of 701247?
0
What is the units digit of 12862027?
7
What is the units digit of 885489?
9
What is the tens digit of 3925526?
2
What is the thousands digit of 6195217?
5
What is the hundred thousands digit of 639403?
6
What is the hundreds digit of 256878?
8
What is the hundred thousands digit of 27462503?
4
What is the units digit of 20063730?
0
What is the hundred thousands digit of 5689316?
6
What is the millions digit of 1381424?
1
What is the units digit of 288158?
8
What is the millions digit of 1506627?
1
What is the thousands digit of 94760?
4
What is the hundreds digit of 315978?
9
What is the tens digit of 491282?
8
What is the millions digit of 4987426?
4
What is the hundred thousands digit of 2648205?
6
What is the millions digit of 9549319?
9
What is the millions digit of 1402742?
1
What is the units digit of 72073?
3
What is the units digit of 1429706?
6
What is the ten thousands digit of 194169?
9
What is the ten thousands digit of 4453029?
5
What is the millions digit of 1037060?
1
What is the units digit of 19585338?
8
What is the tens digit of 193309?
0
What is the thousands digit of 839961?
9
What is the thousands digit of 5825650?
5
What is the hundreds digit of 5046775?
7
What is the thousands digit of 9608158?
8
What is the units digit of 2841765?
5
What is the thousands digit of 28709141?
9
What is the hundreds digit of 37115367?
3
What is the hundreds digit of 13605605?
6
What is the units digit of 724308?
8
What is the hundred thousands digit of 661728?
6
What is the hundred thousands digit of 9678467?
6
What is the hundred thousands digit of 3173572?
1
What is the ten thousands digit of 23928?
2
What is the thousands digit of 64842?
4
What is the millions digit of 1169817?
1
What is the hundreds digit of 426930?
9
What is the hundred thousands digit of 2359870?
3
What is the thousands digit of 247378?
7
What is the thousands digit of 107379?
7
What is the millions digit of 7717937?
7
What is the hundred thousands digit of 416590?
4
What is the hundred thousands digit of 272425?
2
What is the millions digit of 5003145?
5
What is the ten thousands digit of 134515?
3
What is the units digit of 614776?
6
What is the ten thousands digit of 27488181?
8
What is the tens digit of 171756?
5
What is the ten thousands digit of 720838?
2
What is the tens digit of 5794021?
2
What is the units digit of 323213?
3
What is the tens digit of 632315?
1
What is the thousands digit of 117769?
7
What is the tens digit of 6580401?
0
What is the tens digit of 1425336?
3
What is the tens digit of 2543723?
2
What is the tens digit of 200602?
0
What is the tens digit of 16956052?
5
What is the thousands digit of 6931814?
1
What is the hundreds digit of 147603?
6
What is the hundred thousands digit of 261730?
2
What is the ten thousands digit of 261949?
6
What is the units digit of 410383?
3
What is the ten thousands digit of 2902439?
0
What is the ten millions digit of 12625591?
1
What is the hundreds digit of 487332?
3
What is the units digit of 269884?
4
What is the ten thousands digit of 33110507?
1
What is the hundreds digit of 6885563?
5
What is the units digit of 169935?
5
What is the tens digit of 37891862?
6
What is the units digit of 5089674?
4
What is the units digit of 1381671?
1
What is the tens digit of 1653506?
0
What is the thousands digit of 1050400?
0
What is the units digit of 4630577?
7
What is the units digit of 16712?
2
What is the tens digit of 57975?
7
What is the units digit of 346312?
2
What is the ten thousands digit of 62042?
6
What is the thousands digit of 2722508?
2
What is the hundred thousands digit of 203896?
2
What is the thousands digit of 1510411?
0
What is the tens digit of 1923604?
0
What is the hundreds digit of 5